is f(-4)?
-1
Let h = 5 + -6. Let t = 18 + -12. Let o(j) = t*j**2 - 11*j + 7*j + 2*j - 1. Give o(h).
7
Let z = -644 + 647. Let s(h) be the first derivative of -h**4/4 + 4*h**3/3 - 3*h**2/2 + 3*h - 1. Determine s(z).
3
Let p(o) = 5*o + 4. Suppose -9*h + 1 = -26. Calculate p(h).
19
Let f = -28 - -32. Let c be (2/f*-6)/1. Let v(u) = -3*u**2 - 5*u - 3. Give v(c).
-15
Let z = -38 - -11. Let o = z + 24. Let q(g) = 4*g - 4. Calculate q(o).
-16
Let b(z) = 4*z**3 - 10*z**2 - 10*z + 6. Let f(q) = q**3 - 2*q**2 - q. Let j(s) = b(s) - 3*f(s). What is j(4)?
-22
Let q(d) = -15*d + 4*d**2 - 8 + 0*d + 5*d + d**3. What is q(-6)?
-20
Let j(f) be the second derivative of f**3/6 + 5*f**2/2 - 6*f. Let y = 8 + -8. What is j(y)?
5
Let q = -84 - -76. Let p(j) = 16*j + 44. Let k(w) = -3*w - 9. Let f(s) = 11*k(s) + 2*p(s). Give f(q).
-3
Let m(t) = t - 1. Let w(x) be the first derivative of x**3/3 - 5*x**2/2 + 7*x - 2. Let j be w(6). Let c = j - 19. Calculate m(c).
-7
Let d(s) = s**3 - 3*s**2 - 3*s + 2. Let f be (-297)/6*2/(-3). Suppose 0 = -6*k - f + 3. Let w(t) = t + 9. Let j be w(k). Give d(j).
6
Let l(c) = -c + 2. Let w = -20 - -24. Suppose 0 = -w*j - j + 350. Let f be 4/(-10) - (-518)/j. What is l(f)?
-5
Let f = 353 - 342. Let s(p) = p - 19. What is s(f)?
-8
Let r be (-32)/(4 + 4/((-16)/18)). Suppose -k = 67 - r. Let g(x) = -x**2 + 4. Give g(k).
-5
Let a be (-14)/(-56) - (-3 - 41/(-4)). Let j(i) = -i**3 - 8*i**2 - 6*i + 15. What is j(a)?
8
Let p(q) = -q**2 - 21*q - 16. Let y(j) = -4*j - 3. Let h(c) = 2*p(c) - 11*y(c). Calculate h(3).
-11
Let q(b) be the first derivative of b**7/840 + b**6/120 + b**5/60 + b**4/8 + b**3 + 15. Let d(x) be the third derivative of q(x). Determine d(-2).
3
Let i(w) = 11*w**3 - 20*w**2 + 17*w + 13. Let h(c) = -13*c**3 + 22*c**2 - 18*c - 14. Let b(m) = 6*h(m) + 7*i(m). Give b(-9).
-11
Let u(q) = 3*q**2 - q. Let s be -7 + 2880/39 + 2/13. Let l = -66 + s. Give u(l).
2
Let x(b) = b**2 + 6*b - 1. Let p(g) = 3*g - 2. Let c be p(-5). Let n = -13 - c. Let s be n*1/2 - 8. What is x(s)?
-1
Let z(x) = 3*x - 5. Suppose -3*m + 7 = -5. Suppose -5*g = -0*g - m*u - 80, 0 = -3*u. Let d be ((-9)/(-6))/(6/g). Give z(d).
7
Let g = -1876 + 1874. Let c(v) = -2*v**2 - 3*v - 6. What is c(g)?
-8
Let r(c) = -7*c - 7. Let b(a) = 10*a + 10. Let g(i) = 4*i**2 + 2*i - 1. Let k be g(1). Let p(v) = k*b(v) + 7*r(v). Let h = 113 - 118. What is p(h)?
-4
Let t(w) = -7*w**2 + 13*w**2 - 3*w**2 - w + 0*w. What is t(-1)?
4
Let p(y) = -y. Let m(r) = -6*r + 6. Let q(o) = -m(o) + 5*p(o). Calculate q(7).
1
Let o be (-5 - (-2 + -2 + 4))/(-5). Let f(x) = 9*x**2 + x - 1. Calculate f(o).
9
Suppose 7*s = -2 + 37. Let a(w) be the first derivative of w**3/3 - 5*w**2/2 - 7*w + 132. Determine a(s).
-7
Suppose 0 = 5*y + 5*k + 5, y - 2*k = -4*k - 2. Let a(j) = 0 + 6 - j - 8 - 5. Let z(x) = -3*x - 21. Let v(w) = -11*a(w) + 4*z(w). Give v(y).
-7
Let y(i) = -7*i - 37. Let n(u) = 2*u + 7. Let f(j) = -11*n(j) - 2*y(j). What is f(1)?
-11
Suppose 15 = 3*z - 3*i, -6 = -0*i - 3*i. Let y = z + -13. Let d(p) be the second derivative of -p**5/20 - 5*p**4/12 + p**3 - 4*p**2 + 41*p. Calculate d(y).
-8
Let p(k) = k**3 + 6*k**2 + k. Suppose -5*c = 33 - 3. Determine p(c).
-6
Let x(b) = -b**3 - 5*b**2 + 2*b - 2. Suppose -5*r + r - 92 = 0. Let t = -28 - r. Give x(t).
-12
Let s(b) = -b**3 - 4*b**2 - 3*b - 1. Let g be (-1)/(2/3*6/16). Give s(g).
11
Let c(f) = 3*f**2. Let t = 0 + 4. Suppose 5*s = 3*k + 16, t*k + 6 = s - 4. Give c(s).
12
Suppose -5*p = -2 + 27. Let u be (-3 - p)*4 + -2. Let c(r) = -4*r - 3 + r + u*r. What is c(2)?
3
Suppose 11*u - 35 = 16*u. Let w(j) = 253*j**2 - 261*j**2 + 3*j**3 - 7*j - 4*j**3 + 2. Determine w(u).
2
Let i(v) = 17 - 3*v + 6 + 8 - 40. Give i(-7).
12
Suppose 25*g + 193 - 18 = 0. Let n(y) = y**3 + 5*y**2 - 16*y - 9. Give n(g).
5
Suppose 5*d + 2 = 22. Let n(w) = 7*w**3 + 1 + 2 - 2 - 6*w**2 + d*w**2. Give n(1).
6
Let x(y) = y. Let b(j) = 12*j + 28. Let m(q) = 6*q + 14. Let d(c) = -3*b(c) + 7*m(c). Let k(i) = -d(i) + 5*x(i). Give k(0).
-14
Let b(k) = -4 + 11*k - 4*k + 4*k**2 - 6*k**2 + 0*k. Let l(h) = -h**2 - h + 4. Let s be l(0). Let r be b(s). Let y(m) = -m - 7. What is y(r)?
1
Let u(s) be the first derivative of -3*s**2/2 + s + 37. Let t(m) = -m - 1. Let n be t(-3). Determine u(n).
-5
Let i = -67 + 84. Let c(x) = -14*x + 1. Let t(o) = 40*o - 4. Let j(z) = i*c(z) + 6*t(z). Determine j(5).
3
Suppose -8*r - 1096 = -1112. Let j be -1 - 0 - (2 + -3). Let u(n) = n - n**2 - n**2 - n**2 + j*n**r. Determine u(-1).
-4
Let i(g) = -27*g**3 + 20*g**2 - 21*g + 19. Let k(t) = 5*t**3 - 4*t**2 + 4*t - 4. Let w(o) = -2*i(o) - 11*k(o). What is w(4)?
-2
Let y(d) = -d**3 + 5*d**2 + 2*d - 4. Let b = -61 + 75. Suppose i = -3*r + b, 0 = 3*r - 0*r - 4*i - 4. Calculate y(r).
20
Let h(y) = 7*y**3 - y**2 - y + 3. Let f be (-4)/3 + 455/195. Determine h(f).
8
Let o(j) = -2*j**2 - 13*j + 7. Suppose -5*w + 11 - 46 = 0. Let q be o(w). Suppose q*a - 5*a + 30 = 0. Let f(u) = -u + 12. Give f(a).
6
Let w be 3 + (16 + -1)/5. Suppose -5*g = -f - 3*g + w, 4*g + 18 = 5*f. Let b(x) = x**3 - x**2 - x. Determine b(f).
2
Let x(r) = r**2 + 40 - 21 - 10*r - 5. Determine x(8).
-2
Let j(l) = l**2 - l + 12. Let q(v) = v**2 + 13*v - 19. Let t be q(-15). Suppose 2*d - 4*o - 31 = -t, -4*d = -4*o - 20. What is j(d)?
12
Suppose a = 6*a + 30. Let j = -7 - a. Let g(m) = -7*m - 1. Determine g(j).
6
Let t(k) = -9*k + 11. Let g be t(2). Let i(o) = o**3 + 8*o**2 + 7*o + 5. Determine i(g).
5
Let k be (7 - -5)*2/8. Let o(w) = -9 - 5*w**2 + w**3 + 51*w + k - 53*w + 10*w**2. Let h be 1 + (1 - 7/1). What is o(h)?
4
Let d(l) be the first derivative of -1/2*l**2 + 7/3*l**3 - 1 + 0*l. What is d(-1)?
8
Let i(r) = -5*r**3 - r**2 - r + 1. Let s(y) = y - 4. Let t be s(-11). Let x = -13 - t. Let a be -2 + 1/x*6. What is i(a)?
-6
Let u = 1853 - 1847. Let b(f) be the first derivative of -f**4/24 + f**3/2 + f**2/2 + 1. Let t(a) be the second derivative of b(a). Calculate t(u).
-3
Suppose -4*b + 3 = -5. Suppose -3*o + 2 = -b*o. Let r(t) = -o*t - 8 + 8 + 3*t. Give r(4).
4
Let d be ((-126)/168)/(1/((-4)/(-1))). Let p(i) = -i**3 - 5*i**2 - 5*i - 2. Give p(d).
-5
Let l(y) = -y - 10. Let z = -34 - -16. Let j be l(z). Let v(t) = 10 + j*t**2 + 24*t - t**3 - 10*t - 15*t - 9*t. Calculate v(7).
-11
Let v(q) = -q + 1. Let k(l) = -4*l. Let s be (2/(-5))/(-1)*-5. Let t(r) = s*k(r) + 4*v(r). Let d be 2/((-20)/12 - -1). Give t(d).
-8
Let d be (3 - 9/2)/(12/304). Let t be (d/(-133))/((-2)/(-28)). Let s(g) = -g - 2. Calculate s(t).
-6
Let y(a) = 2*a - 4. Suppose 11*n - 20 + 20 = 0. Calculate y(n).
-4
Let o(u) be the third derivative of -u**4/24 - u**3/3 - 18*u**2. Suppose 8*i = 7*i. Give o(i).
-2
Let a be (-1)/2*(4 + 2). Let n(j) = -j**2 - 3*j + 1. Let d be n(a). Let k(u) = -u**2. Let v(y) = -3*y**2 + y - 1. Let f(i) = -4*k(i) - v(i). What is f(d)?
7
Suppose -4*q = -q - 9. Let k(t) = 5 + q - 8 + t + 1. Give k(-7).
-6
Let j(s) = 37*s - 368. Let o be j(10). Let b(w) = -6*w**3 - w**2 + 3*w - 3. What is b(o)?
-49
Let g(q) be the second derivative of 2/3*q**3 - 2*q**2 + 1/20*q**5 - 9*q + 0 - 5/12*q**4. Calculate g(4).
-4
Let z(j) = -3*j**2 - 4*j - 1. Suppose 0 = -0*d - d - 5*w + 34, -12 = -3*d + 3*w. Let t be -1*(-1)/(-1)*(d - 5). What is z(t)?
-33
Let v(o) = -o**3 - 4*o**2 + 7*o + 1. Suppose -12*i = -11*i - 7. Suppose -4*y + 3*l = i*l + 12, 18 = -2*y + 4*l. What is v(y)?
-9
Let g(n) = 5*n - 21. Let q be g(4). Suppose -2*i = -2 + 4. Let r be 1/(q + (-1 - i)). Let l(o) = -5*o**3 - o**2 + o + 1. Calculate l(r).
4
Let d = -10 + 8. Let t be -3 + 0/(-1 - d). Let k(v) = 3*v**3 + 0*v**2 - 3*v**2 - 4*v**3 - 232*v + 2 + 230*v. Determine k(t).
8
Suppose 0 = 17*r - 18*r + 2. Let j(d) be the first derivative of -5*d + 1 - 1/3*d**3 - 4*d**r. What is j(-5)?
10
Let b(m) = 2 + 3 + 39*m - 28*m - 4. Calculate b(-2).
-21
Let z(d) = -6*d + 1. Let a be z(-1). Let i(f) = 13*f - 7. Let t(g) = 35*g - 21. Let k(r) = -8*i(r) + 3*t(r). Calculate k(a).
0
Let o be (-58)/(-290)*(7 + -3 - -1). Let m(v) = 25*v - 3. Give m(o).
22
Let i(n) = -3*n - 15. Let p be i(-1). Let x(t) = t**2 + 11*t - 9. Give x(p).
3
Let n = -5 + 9. Let z(r) = 5*r**3 - 2*r**2 + 7*r - 2. Let s(y) = -y**3 + y**2 - y + 1. Let v(f) = n*s(f) + z(f). Let w = 21 + -23. Determine v(w).
-4
Let p(b) be the first derivative of -b**4/4 + b**3 + b**